{"id":19,"date":"2026-05-12T19:09:00","date_gmt":"2026-05-12T17:09:00","guid":{"rendered":"https:\/\/nature-journaling.pl\/?page_id=19"},"modified":"2026-05-12T19:09:00","modified_gmt":"2026-05-12T17:09:00","slug":"przyrodniczek","status":"publish","type":"page","link":"https:\/\/nature-journaling.pl\/?page_id=19","title":{"rendered":"Przyrodniczek"},"content":{"rendered":"\n<p>tutaj napisz czym jest nature jurnal, ze mozesz do tego wykorzytsac wszystko, opisz swoje doswiadczenia i zrob galeri\u0119 zdj\u0119\u0107 swoich stron <\/p>\n\n\n\n<figure class=\"wp-block-gallery has-nested-images columns-default is-cropped wp-block-gallery-1 is-layout-flex wp-block-gallery-is-layout-flex\">\n<figure class=\"wp-block-image size-large\"><img loading=\"lazy\" decoding=\"async\" width=\"771\" height=\"1024\" data-id=\"37\" src=\"https:\/\/nature-journaling.pl\/wp-content\/uploads\/2026\/05\/Untitled-design-771x1024.png\" alt=\"\" class=\"wp-image-37\" srcset=\"https:\/\/nature-journaling.pl\/wp-content\/uploads\/2026\/05\/Untitled-design-771x1024.png 771w, https:\/\/nature-journaling.pl\/wp-content\/uploads\/2026\/05\/Untitled-design-226x300.png 226w, https:\/\/nature-journaling.pl\/wp-content\/uploads\/2026\/05\/Untitled-design-768x1020.png 768w, https:\/\/nature-journaling.pl\/wp-content\/uploads\/2026\/05\/Untitled-design-1157x1536.png 1157w, https:\/\/nature-journaling.pl\/wp-content\/uploads\/2026\/05\/Untitled-design-1542x2048.png 1542w, https:\/\/nature-journaling.pl\/wp-content\/uploads\/2026\/05\/Untitled-design-scaled.png 1928w\" sizes=\"auto, (max-width: 771px) 100vw, 771px\" \/><\/figure>\n\n\n\n<figure class=\"wp-block-image size-large\"><img loading=\"lazy\" decoding=\"async\" width=\"771\" height=\"1024\" data-id=\"36\" src=\"https:\/\/nature-journaling.pl\/wp-content\/uploads\/2026\/05\/IMG_20260423_210118_629-771x1024.jpg\" alt=\"\" class=\"wp-image-36\" srcset=\"https:\/\/nature-journaling.pl\/wp-content\/uploads\/2026\/05\/IMG_20260423_210118_629-771x1024.jpg 771w, https:\/\/nature-journaling.pl\/wp-content\/uploads\/2026\/05\/IMG_20260423_210118_629-226x300.jpg 226w, https:\/\/nature-journaling.pl\/wp-content\/uploads\/2026\/05\/IMG_20260423_210118_629-768x1020.jpg 768w, https:\/\/nature-journaling.pl\/wp-content\/uploads\/2026\/05\/IMG_20260423_210118_629-1157x1536.jpg 1157w, https:\/\/nature-journaling.pl\/wp-content\/uploads\/2026\/05\/IMG_20260423_210118_629-1542x2048.jpg 1542w, https:\/\/nature-journaling.pl\/wp-content\/uploads\/2026\/05\/IMG_20260423_210118_629-scaled.jpg 1928w\" sizes=\"auto, (max-width: 771px) 100vw, 771px\" \/><\/figure>\n\n\n\n<figure class=\"wp-block-image size-large\"><img loading=\"lazy\" decoding=\"async\" width=\"771\" height=\"1024\" data-id=\"35\" src=\"https:\/\/nature-journaling.pl\/wp-content\/uploads\/2026\/05\/IMG_20260423_210059_512-771x1024.jpg\" alt=\"\" class=\"wp-image-35\" srcset=\"https:\/\/nature-journaling.pl\/wp-content\/uploads\/2026\/05\/IMG_20260423_210059_512-771x1024.jpg 771w, https:\/\/nature-journaling.pl\/wp-content\/uploads\/2026\/05\/IMG_20260423_210059_512-226x300.jpg 226w, https:\/\/nature-journaling.pl\/wp-content\/uploads\/2026\/05\/IMG_20260423_210059_512-768x1020.jpg 768w, https:\/\/nature-journaling.pl\/wp-content\/uploads\/2026\/05\/IMG_20260423_210059_512-1157x1536.jpg 1157w, https:\/\/nature-journaling.pl\/wp-content\/uploads\/2026\/05\/IMG_20260423_210059_512-1542x2048.jpg 1542w, https:\/\/nature-journaling.pl\/wp-content\/uploads\/2026\/05\/IMG_20260423_210059_512-scaled.jpg 1928w\" sizes=\"auto, (max-width: 771px) 100vw, 771px\" \/><\/figure>\n\n\n\n<figure class=\"wp-block-image size-large\"><img loading=\"lazy\" decoding=\"async\" width=\"1024\" height=\"771\" data-id=\"34\" src=\"https:\/\/nature-journaling.pl\/wp-content\/uploads\/2026\/05\/IMG_20260423_210049_802_1-1024x771.jpg\" alt=\"\" class=\"wp-image-34\" srcset=\"https:\/\/nature-journaling.pl\/wp-content\/uploads\/2026\/05\/IMG_20260423_210049_802_1-1024x771.jpg 1024w, https:\/\/nature-journaling.pl\/wp-content\/uploads\/2026\/05\/IMG_20260423_210049_802_1-300x226.jpg 300w, https:\/\/nature-journaling.pl\/wp-content\/uploads\/2026\/05\/IMG_20260423_210049_802_1-768x578.jpg 768w, https:\/\/nature-journaling.pl\/wp-content\/uploads\/2026\/05\/IMG_20260423_210049_802_1-1536x1157.jpg 1536w, https:\/\/nature-journaling.pl\/wp-content\/uploads\/2026\/05\/IMG_20260423_210049_802_1-2048x1542.jpg 2048w\" sizes=\"auto, (max-width: 1024px) 100vw, 1024px\" \/><\/figure>\n\n\n\n<figure class=\"wp-block-image size-large\"><img loading=\"lazy\" decoding=\"async\" width=\"1024\" height=\"776\" data-id=\"33\" src=\"https:\/\/nature-journaling.pl\/wp-content\/uploads\/2026\/05\/IMG_20260423_210109_497_1-1024x776.jpg\" alt=\"\" class=\"wp-image-33\" srcset=\"https:\/\/nature-journaling.pl\/wp-content\/uploads\/2026\/05\/IMG_20260423_210109_497_1-1024x776.jpg 1024w, https:\/\/nature-journaling.pl\/wp-content\/uploads\/2026\/05\/IMG_20260423_210109_497_1-300x227.jpg 300w, https:\/\/nature-journaling.pl\/wp-content\/uploads\/2026\/05\/IMG_20260423_210109_497_1-768x582.jpg 768w, https:\/\/nature-journaling.pl\/wp-content\/uploads\/2026\/05\/IMG_20260423_210109_497_1-1536x1163.jpg 1536w, https:\/\/nature-journaling.pl\/wp-content\/uploads\/2026\/05\/IMG_20260423_210109_497_1-2048x1551.jpg 2048w\" sizes=\"auto, (max-width: 1024px) 100vw, 1024px\" \/><\/figure>\n<\/figure>\n","protected":false},"excerpt":{"rendered":"<p>tutaj napisz czym jest nature jurnal, ze mozesz do tego wykorzytsac wszystko, opisz swoje doswiadczenia i zrob galeri\u0119 zdj\u0119\u0107 swoich stron<\/p>\n","protected":false},"author":2,"featured_media":0,"parent":0,"menu_order":0,"comment_status":"closed","ping_status":"closed","template":"","meta":{"footnotes":""},"class_list":["post-19","page","type-page","status-publish","hentry"],"_links":{"self":[{"href":"https:\/\/nature-journaling.pl\/index.php?rest_route=\/wp\/v2\/pages\/19","targetHints":{"allow":["GET"]}}],"collection":[{"href":"https:\/\/nature-journaling.pl\/index.php?rest_route=\/wp\/v2\/pages"}],"about":[{"href":"https:\/\/nature-journaling.pl\/index.php?rest_route=\/wp\/v2\/types\/page"}],"author":[{"embeddable":true,"href":"https:\/\/nature-journaling.pl\/index.php?rest_route=\/wp\/v2\/users\/2"}],"replies":[{"embeddable":true,"href":"https:\/\/nature-journaling.pl\/index.php?rest_route=%2Fwp%2Fv2%2Fcomments&post=19"}],"version-history":[{"count":2,"href":"https:\/\/nature-journaling.pl\/index.php?rest_route=\/wp\/v2\/pages\/19\/revisions"}],"predecessor-version":[{"id":38,"href":"https:\/\/nature-journaling.pl\/index.php?rest_route=\/wp\/v2\/pages\/19\/revisions\/38"}],"wp:attachment":[{"href":"https:\/\/nature-journaling.pl\/index.php?rest_route=%2Fwp%2Fv2%2Fmedia&parent=19"}],"curies":[{"name":"wp","href":"https:\/\/api.w.org\/{rel}","templated":true}]}}